 501. What is t(-6)?
-3
Let m(l) = l**2 + 4*l + 4. Determine m(-5).
9
Let w(x) = 5*x**2 - 15*x + 19. What is w(2)?
9
Let w(y) = y + 17. Calculate w(8).
25
Let t(d) = -4*d + 2. Calculate t(18).
-70
Let o(d) = -d - 30. Calculate o(10).
-40
Let t(h) = 2*h**2 - 25*h - 19. Give t(13).
-6
Let m(g) = -7*g**2 + 428*g - 56. What is m(61)?
5
Let o(v) = -17*v + 467. Give o(27).
8
Let o(k) = -42*k - 245. Calculate o(-6).
7
Let k(z) = -z**2 + 6*z - 9. Calculate k(7).
-16
Let n(v) = -v**3 - 13*v**2 - 26*v - 5. Calculate n(-11).
39
Let z(a) = -2*a**3 - a**2 - 2*a - 7. What is z(3)?
-76
Let t(o) = -o**2 - o + 18. Calculate t(-4).
6
Let c(p) = 26*p + 35. Determine c(-2).
-17
Let i(u) = -u**3 - 7*u**2 - u + 6. Give i(-7).
13
Let v(x) = -2*x**2 + 73*x - 23. Give v(36).
13
Let d(r) = -4*r**3 + 2*r**2 + 2*r + 3. What is d(-2)?
39
Let h(k) = -k**3 - 2*k**2 - k - 18. What is h(0)?
-18
Let k(u) = -u**3 + 29*u**2 - 27*u + 15. What is k(28)?
43
Let s(p) = p**2 - 10*p - 2. Determine s(10).
-2
Let u(a) = -2*a + 22. Give u(10).
2
Let i(g) = -g**2 - 10*g - 19. Give i(-7).
2
Let m(q) = -34*q - 407. Determine m(-12).
1
Let c(l) = -l**2 + 52*l + 475. Determine c(60).
-5
Let k(b) = 2*b**3 - 10*b**2 + b - 11. Calculate k(5).
-6
Let a(x) = -4*x + 11. Determine a(5).
-9
Let o(y) = 2*y**2 - 10*y + 9. Give o(6).
21
Let j(g) = 4*g + 143. Give j(-15).
83
Let b(c) = -c**3 - 7*c**2 - 2*c - 7. Give b(-7).
7
Let n(c) = 2*c - 4. Give n(0).
-4
Let u(x) = -8*x - 65. Calculate u(-7).
-9
Let z(b) = b**2 - 5*b - 1. Determine z(2).
-7
Let o(t) = -t**3 - 3*t**2 + 3*t + 4. Give o(-3).
-5
Let a(p) = -p**2 - 2*p - 10. What is a(-2)?
-10
Let r(t) = -22*t + 1. Give r(3).
-65
Let k(t) = 4*t - 68. Calculate k(14).
-12
Let n(h) = -3*h - 14. Determine n(-11).
19
Let c(y) = -y**2 + 13*y - 2. What is c(10)?
28
Let m(h) = h**3 + 8*h**2 - 9*h - 9. What is m(-9)?
-9
Let t(r) = -2*r**2 + 14*r - 20. Give t(8).
-36
Let z(y) = -2*y - 3. What is z(7)?
-17
Let l(i) = -3*i**2 + 7*i + 16. Give l(-2).
-10
Let w(r) = -3*r - 28. Determine w(-5).
-13
Let t(z) = -2*z - 2. What is t(-9)?
16
Let w(o) = 9*o**3 + o**2 - 1. Determine w(1).
9
Let w(g) = -8*g**2 + 2*g - 2. Give w(1).
-8
Let h(c) = -8*c - 148. Give h(-18).
-4
Let u(a) = -49*a - 5. Give u(3).
-152
Let i(u) = u**3 + 6*u**2 - 6*u - 38. What is i(-6)?
-2
Let z(p) = 6*p**2 + 41*p - 14. Determine z(-7).
-7
Let c(t) = -2*t**2 + 5*t - 4. What is c(2)?
-2
Let x(q) = 5*q - 244. What is x(50)?
6
Let f(v) = -v**3 - 10*v**2 + 29*v + 56. What is f(-12)?
-4
Let d(b) = b**2 + 1. What is d(4)?
17
Let i(r) = -8*r**3 + 2*r**2 - 3*r. Determine i(1).
-9
Let b(h) = h**3 + 6*h**2 - 3*h - 7. Give b(-7).
-35
Let z(b) = 2*b**2 + 97*b - 313. Give z(3).
-4
Let a(o) = o**3 + 8*o**2 + 17*o + 46. Determine a(-6).
16
Let o(a) = -3*a**2 - a. Give o(-1).
-2
Let x(i) = 34*i. What is x(1)?
34
Let n(i) = -4*i**2 - 6*i - 5. What is n(-4)?
-45
Let p(j) = 73*j + 222. What is p(-3)?
3
Let a(r) = -2*r + 6. Determine a(-5).
16
Let z(n) = -3*n**3 - 16*n**2 - 4*n + 14. Determine z(-5).
9
Let t(g) = g**3 + 19*g**2 - 42*g - 3. Give t(-21).
-3
Let c(k) = -k**2 - 19*k - 15. Determine c(-18).
3
Let w(c) = -2*c**2 + 4*c + 7. Calculate w(5).
-23
Let u(q) = -q**3 - 10*q**2 - 9*q - 1. Calculate u(-9).
-1
Let k(z) = -5*z**2 - 3*z - 2. Calculate k(-3).
-38
Let x(d) = d**2 + 2*d - 7. Give x(4).
17
Let i(j) = -2*j**2 - 47*j - 211. What is i(-6)?
-1
Let z(v) = -3*v - 20. Calculate z(-6).
-2
Let x(r) = r**2 - 21*r - 78. Give x(-3).
-6
Let v(a) = a**3 - a**2 - 6*a + 1. Calculate v(3).
1
Let k(a) = 2*a + 7. Calculate k(-5).
-3
Let n(p) = 3*p**2 + 2*p - 2. Give n(-2).
6
Let k(h) = -h**2 - 2*h + 53. Determine k(0).
53
Let g(p) = -3*p + 64. What is g(16)?
16
Let z(y) = y**3 - 7*y**2 + 11*y - 26. Give z(6).
4
Let s(u) = u**2 + 7*u + 13. Calculate s(-6).
7
Let z(w) = w**3 - 7*w**2 - 7*w + 9. Give z(8).
17
Let b(v) = -v + 17. What is b(13)?
4
Let u(p) = p**3 + 5*p**2 + 44. What is u(-6)?
8
Let z(c) = c**3 - 5*c**2 - 17*c + 16. Determine z(7).
-5
Let o(r) = -3*r**2 + 19*r - 23. Calculate o(8).
-63
Let s(c) = 2*c**2 - 22*c + 50. Determine s(3).
2
Let b(n) = 3*n**2 - 3*n - 1. Calculate b(5).
59
Let t(m) = -2*m**2 + 7. Determine t(4).
-25
Let t(h) = -2*h**3 - 21*h**2 + 6*h - 12. Calculate t(-11).
43
Let c(p) = -2*p**2 - 9*p - 10. Calculate c(-4).
-6
Let w(y) = 2*y**2 - 18*y + 13. Give w(12).
85
Let w(a) = 7*a - 48. Determine w(6).
-6
Let a(m) = m**3 + 8*m**2 + m + 11. Determine a(-8).
3
Let k(o) = 3*o + 98. Calculate k(-9).
71
Let j(x) = x**3 - 16*x**2 - 20. Determine j(16).
-20
Let u(j) = -4*j**2 + 24*j. Give u(7).
-28
Let u(b) = 59*b**2 - b + 1. Determine u(1).
59
Let f(h) = 2*h**3 - 19*h**2 - 12*h. Determine f(10).
-20
Let i(j) = -j**3 - 21*j**2 + 47*j + 24. What is i(-23)?
1
Let p(b) = 2*b**3 + 8*b**2 - 41*b + 9. Give p(-7).
2
Let i(g) = -g**2 - 11*g + 245. What is i(-22)?
3
Let m(n) = 3*n + 3. Calculate m(-1).
0
Let n(c) = -c**3 - 5*c**2 + 59*c + 4. Calculate n(6).
-38
Let b(i) = 3*i**2 - 47*i - 22. Determine b(18).
104
Let p(a) = a**3 + 3*a**2 - 3*a + 14. Determine p(-5).
-21
Let n(d) = -4*d - 56. Give n(-14).
0
Let v(f) = 2*f + 43. Calculate v(-16).
11
Let i(w) = -8*w + 105. Calculate i(13).
1
Let q(d) = d**3 + 10*d**2 + 5*d + 4. Calculate q(-10).
-46
Let u(p) = -p**3 + p**2 + 5*p - 3. Give u(0).
-3
Let l(m) = -m**2 + 22*m - 33. Give l(19).
24
Let a(b) = -b**2 - 11*b + 3. Calculate a(-11).
3
Let c(d) = d**2 + 7*d + 4. What is c(-5)?
-6
Let h(f) = 85*f - 853. What is h(10)?
-3
Let o(z) = z**3 - 4*z**2 - z. Determine o(2).
-10
Let p(h) = -h**3 + 5*h**2 + 6*h - 6. Give p(5).
24
Let i(w) = w**2 - 11*w + 14. Give i(11).
14
Let p(a) = a**3 + 12*a**2 - 2*a - 26. Give p(-12).
-2
Let o(v) = -v**3 - 14*v**2 + 11*v + 18. What is o(-15)?
78
Let c(x) = 68*x - 479. What is c(7)?
-3
Let x(o) = o**2 + 83. Determine x(0).
83
Let f(r) = 4*r + 31. What is f(-5)?
11
Let i(y) = -21*y**3 - 3*y**2 + 4*y - 1. What is i(1)?
-21
Let i(p) = p**3 + 5*p**2 + 2*p - 12. What is i(-4)?
-4
Let j(v) = -14*v - 1. Calculate j(1).
-15
Let c(m) = -m**3 - 3*m**2 + 5*m - 1. What is c(-4)?
-5
Let m(r) = -r**3 - r**2 + 4*r - 107. What is m(0)?
-107
Let m(j) = j**2 + 2*j + 5. Determine m(-5).
20
Let q(w) = w**3 - 2*w**2 + w + 57. Calculate q(0).
57
Let k(j) = -10*j - 5. Give k(5).
-55
Let n(c) = c**3 - 3*c**2 - 10*c + 11. What is n(6)?
59
Let l(m) = 4*m**2 - 30*m + 47. Give l(5).
-3
Let p(m) = -21*m + 13. Give p(6).
-113
Let n(l) = -l**3 + 2*l**2 + 13*l - 3. Give n(4).
17
Let n(y) = -2*y**3 + 11*y**2 - 7*y + 10. Calculate n(5).
0
Let z(i) = -i**3 - 16*i**2 + 78*i - 24. What is z(-20)?
16
Let v(z) = 9*z - 1. Determine v(5).
44
Let y(k) = -k**3 - k**2 + 4*k + 7. Give y(-2).
3
Let q(v) = 3*v**3 + 2*v**2 + 2*v - 2. What is q(1)?
5
Let n(v) = -v + 3. Determine n(-4).
7
Let x(r) = 2*r**2 + 22*r - 1. Determine x(-11).
-1
Let m(w) = w + 45. Calculate m(-9).
36
Let g(x) = -14*x**2 - 7*x - 14. Determine g(-2).
-56
Let j(a) = -a**2 - 9*a - 3. What is j(-9)?
-3
Let p(z) = z + 11. Determine p(-4).
7
Let i(l) = -l**2 - l - 16. Determine i(7).
-72
Let y(x) = -x + 37. Determine y(30).
7
Let o(q) = -6*q + 1. Calculate o(-1).
7
Let v(t) = -t**3 - 7*t**2 - 6*t + 4. What is v(-5)?
-16
Let j(q) = q**3 + 4*q**2 - 4*q - 5. Calculate j(-4).
11
Let t(n) = -5*n - 20. What is t(-12)?
40
Let c(y) = -y**2 - 7*y - 9. Calculate c(-5).
1
Let m(d) = -d**3 - d**2 + 43*d + 1. Give m(0).
1
Let o(x) = 11*x + 6. Determine o(-4).
-38
Let y(k) = 2*k + 4. Give y(-7).
-10
Let g(j) = -4*j**2 - 4*j - 2. Give g(-2).
-10
Let r(b) = b**2 - 7*b - 8. Calculate r(8).
0
Let o(x) = -x**2 + 22*x - 72. Give o(20).
-32
Let h(o) = -2*o**3 - 12*o**2 - o + 32. What is h(-5)?
-13
Let l(x) = -17*x**2 - x - 1. Give l(-2).
-67
Let g(l) = 9*l**2 - 30*l - 14. Give g(6).
130
Let l(k) = 8*k**3 + 2*k**2 + k - 2. Determine l(1).
9
Let s(f) = f**3 + f**2 + 2*f - 69. Calculate s(0).
-69
Let t(h) = -5*h**2 + 4*h - 8. What is t(5)?
-113
Let h(b) = b**2 - 12*b + 1. What is h(10)?
-19
Let t(j) = 2*j**2 - 40*j - 19. Calculate t(20).
-19
Let z(m) = -m**3 + 17*m**2 + 34*m + 64. Give z(19).
-12
Let n(o) = 2*o - 8. What is n(11)?
14
Let f(k) = -k**2 + 9*k - 15. Calculate f(7).
-1
Let h(c) = 11*c + 32. Calculate h(-5).
-23
Let w(i) = 3*i + 9. Give w(5).
24
Let v(q) = -8*q - 41. Determine v(-8).
23
Let x(j) = -j**2 - 8*j + 8. Determine x(-9).
